{"id":22304,"date":"2026-09-05T11:08:57","date_gmt":"2026-09-05T09:08:57","guid":{"rendered":"https:\/\/zalakaros.hu\/?post_type=tribe_events&#038;p=22304"},"modified":"2026-09-05T11:08:57","modified_gmt":"2026-09-05T09:08:57","slug":"szureti-mulatsag","status":"publish","type":"tribe_events","link":"https:\/\/zalakaros.hu\/en\/program\/szureti-mulatsag\/","title":{"rendered":"Sz\u00fcreti Mulats\u00e1g"},"content":{"rendered":"<p>Szeptember 11.-\u00e9n <b>p\u00e9nteken 18:00 \u00f3rakor a Strong Egy\u00fcttes<\/b> \u00e9rkezik a Karos Korz\u00f3 sz\u00ednpad\u00e1ra.<\/p>\n<p>Szeptember 12.-\u00e9n <strong>szombaton:<\/strong><\/p>\n<ul>\n<li><strong>16:00 \u00f3rakor a<\/strong>\u00a0Zalakarosi M\u00f3ra Ferenc \u00c1ltal\u00e1nos Iskola \u00e9s Alapfok\u00fa M\u0171v\u00e9szeti Iskol\u00e1t\u00f3l\u00a0<strong>indul a Sz\u00fcreti felvonul\u00e1s, <\/strong>amit a Zalakaros K\u00f6z\u00f6ss\u00e9gi H\u00e1z \u00e9s K\u00f6nyvt\u00e1r szervezi, amelyhez v\u00e1ltozatos programok is kapcsol\u00f3dnak.<\/li>\n<li><b>18:00 \u00f3rakor\u00a0<\/b>a felvonul\u00e1s ut\u00e1n\u00a0<strong>sz\u0151l\u0151k\u00f3stol\u00f3val \u00e9s mustpr\u00f3b\u00e1val<\/strong>\u00a0is v\u00e1rj\u00e1k az \u00e9rdekl\u0151d\u0151ket, ahol a vend\u00e9gek megk\u00f3stolhatj\u00e1k az idei sz\u0151l\u0151term\u00e9s finoms\u00e1gait \u00e9s a frissen k\u00e9sz\u00fclt mustot a Karos Korz\u00f3n.<\/li>\n<li><b>18:15-t\u0151l <\/b>a\u00a0<strong>De Luxe Party Zenekar<\/strong> gondoskodik a j\u00f3 hangulatr\u00f3l a Karos Korz\u00f3n, \u00e9s fergeteges \u00e9l\u0151zen\u00e9vel z\u00e1rja a sz\u00fcreti est\u00e9t.<\/li>\n<\/ul>","protected":false},"excerpt":{"rendered":"<p>Szeptember 11.-\u00e9n p\u00e9nteken 18:00 \u00f3rakor a Strong Egy\u00fcttes \u00e9rkezik a Karos Korz\u00f3 sz\u00ednpad\u00e1ra. Szeptember 12.-\u00e9n szombaton: 16:00 \u00f3rakor a\u00a0Zalakarosi M\u00f3ra Ferenc \u00c1ltal\u00e1nos Iskola \u00e9s Alapfok\u00fa M\u0171v\u00e9szeti Iskol\u00e1t\u00f3l\u00a0indul a Sz\u00fcreti felvonul\u00e1s, [&hellip;]<\/p>\n","protected":false},"author":6,"featured_media":22305,"template":"","meta":{"_acf_changed":false,"_tribe_events_status":"","_tribe_events_status_reason":"","footnotes":""},"tags":[],"tribe_events_cat":[78],"class_list":["post-22304","tribe_events","type-tribe_events","status-publish","has-post-thumbnail","hentry","tribe_events_cat-varosi-rendezvenyek","cat_varosi-rendezvenyek"],"acf":[],"_links":{"self":[{"href":"https:\/\/zalakaros.hu\/en\/wp-json\/wp\/v2\/tribe_events\/22304","targetHints":{"allow":["GET"]}}],"collection":[{"href":"https:\/\/zalakaros.hu\/en\/wp-json\/wp\/v2\/tribe_events"}],"about":[{"href":"https:\/\/zalakaros.hu\/en\/wp-json\/wp\/v2\/types\/tribe_events"}],"author":[{"embeddable":true,"href":"https:\/\/zalakaros.hu\/en\/wp-json\/wp\/v2\/users\/6"}],"version-history":[{"count":2,"href":"https:\/\/zalakaros.hu\/en\/wp-json\/wp\/v2\/tribe_events\/22304\/revisions"}],"predecessor-version":[{"id":22307,"href":"https:\/\/zalakaros.hu\/en\/wp-json\/wp\/v2\/tribe_events\/22304\/revisions\/22307"}],"wp:featuredmedia":[{"embeddable":true,"href":"https:\/\/zalakaros.hu\/en\/wp-json\/wp\/v2\/media\/22305"}],"wp:attachment":[{"href":"https:\/\/zalakaros.hu\/en\/wp-json\/wp\/v2\/media?parent=22304"}],"wp:term":[{"taxonomy":"post_tag","embeddable":true,"href":"https:\/\/zalakaros.hu\/en\/wp-json\/wp\/v2\/tags?post=22304"},{"taxonomy":"tribe_events_cat","embeddable":true,"href":"https:\/\/zalakaros.hu\/en\/wp-json\/wp\/v2\/tribe_events_cat?post=22304"}],"curies":[{"name":"wp","href":"https:\/\/api.w.org\/{rel}","templated":true}]}}

Szüreti Mulatság

<p>Szeptember 11.-én <b>pénteken 18:00 órakor a Strong Együttes</b> érkezik a Karos Korzó színpadára.</p>
<p>Szeptember 12.-én <strong>szombaton:</strong></p>
<ul>
<li><strong>16:00 órakor a</strong> Zalakarosi Móra Ferenc Általános Iskola és Alapfokú Művészeti Iskolától <strong>indul a Szüreti felvonulás, </strong>amit a Zalakaros Közösségi Ház és Könyvtár szervezi, amelyhez változatos programok is kapcsolódnak.</li>
<li><b>18:00 órakor </b>a felvonulás után <strong>szőlőkóstolóval és mustpróbával</strong> is várják az érdeklődőket, ahol a vendégek megkóstolhatják az idei szőlőtermés finomságait és a frissen készült mustot a Karos Korzón.</li>
<li><b>18:15-től </b>a <strong>De Luxe Party Zenekar</strong> gondoskodik a jó hangulatról a Karos Korzón, és fergeteges élőzenével zárja a szüreti estét.</li>
</ul>

<p>Szeptember 11.-én pénteken 18:00 órakor a Strong Együttes érkezik a Karos Korzó színpadára. Szeptember 12.-én szombaton: 16:00 órakor a Zalakarosi Móra Ferenc Általános Iskola és Alapfokú Művészeti Iskolától indul a Szüreti felvonulás, [&hellip;]</p>
