{"id":22312,"date":"2026-09-05T11:13:23","date_gmt":"2026-09-05T09:13:23","guid":{"rendered":"https:\/\/zalakaros.hu\/?post_type=tribe_events&#038;p=22312"},"modified":"2026-09-05T11:13:23","modified_gmt":"2026-09-05T09:13:23","slug":"kis-balaton-futoverseny","status":"publish","type":"tribe_events","link":"https:\/\/zalakaros.hu\/en\/program\/kis-balaton-futoverseny\/","title":{"rendered":"Kis-Balaton Fut\u00f3verseny"},"content":{"rendered":"<p>Szeptember 13.-\u00e1n vas\u00e1rnap megrendez\u00e9sre ker\u00fcl m\u00e9g a <strong>Kis-Balaton RUN<\/strong>, amelynek megnyit\u00f3ja\u00a0<strong>8:55-kor kezd\u0151dik a Karos Korz\u00f3n, <\/strong>a\u00a0Zalakarosi Futrink\u00e1k SE szervez\u00e9s\u00e9ben.<\/p>\n<p>A r\u00e9szletes programle\u00edr\u00e1st \u00e9s a versennyel kapcsolatos tov\u00e1bbi inform\u00e1ci\u00f3kat az al\u00e1bbi linken \u00e9rik el: <a class=\"moz-txt-link-freetext\" href=\"https:\/\/futrinkak.hu\/rendezvenyek\/kisbalatonkor\/program\" target=\"_blank\" rel=\"noopener\">https:\/\/futrinkak.hu\/rendezvenyek\/kisbalatonkor\/program<\/a><\/p>","protected":false},"excerpt":{"rendered":"<p>Szeptember 13.-\u00e1n vas\u00e1rnap megrendez\u00e9sre ker\u00fcl m\u00e9g a Kis-Balaton RUN, amelynek megnyit\u00f3ja\u00a08:55-kor kezd\u0151dik a Karos Korz\u00f3n, a\u00a0Zalakarosi Futrink\u00e1k SE szervez\u00e9s\u00e9ben. A r\u00e9szletes programle\u00edr\u00e1st \u00e9s a versennyel kapcsolatos tov\u00e1bbi inform\u00e1ci\u00f3kat az al\u00e1bbi [&hellip;]<\/p>\n","protected":false},"author":6,"featured_media":22313,"template":"","meta":{"_acf_changed":false,"_tribe_events_status":"","_tribe_events_status_reason":"","footnotes":""},"tags":[],"tribe_events_cat":[78],"class_list":["post-22312","tribe_events","type-tribe_events","status-publish","has-post-thumbnail","hentry","tribe_events_cat-varosi-rendezvenyek","cat_varosi-rendezvenyek"],"acf":[],"_links":{"self":[{"href":"https:\/\/zalakaros.hu\/en\/wp-json\/wp\/v2\/tribe_events\/22312","targetHints":{"allow":["GET"]}}],"collection":[{"href":"https:\/\/zalakaros.hu\/en\/wp-json\/wp\/v2\/tribe_events"}],"about":[{"href":"https:\/\/zalakaros.hu\/en\/wp-json\/wp\/v2\/types\/tribe_events"}],"author":[{"embeddable":true,"href":"https:\/\/zalakaros.hu\/en\/wp-json\/wp\/v2\/users\/6"}],"version-history":[{"count":2,"href":"https:\/\/zalakaros.hu\/en\/wp-json\/wp\/v2\/tribe_events\/22312\/revisions"}],"predecessor-version":[{"id":22315,"href":"https:\/\/zalakaros.hu\/en\/wp-json\/wp\/v2\/tribe_events\/22312\/revisions\/22315"}],"wp:featuredmedia":[{"embeddable":true,"href":"https:\/\/zalakaros.hu\/en\/wp-json\/wp\/v2\/media\/22313"}],"wp:attachment":[{"href":"https:\/\/zalakaros.hu\/en\/wp-json\/wp\/v2\/media?parent=22312"}],"wp:term":[{"taxonomy":"post_tag","embeddable":true,"href":"https:\/\/zalakaros.hu\/en\/wp-json\/wp\/v2\/tags?post=22312"},{"taxonomy":"tribe_events_cat","embeddable":true,"href":"https:\/\/zalakaros.hu\/en\/wp-json\/wp\/v2\/tribe_events_cat?post=22312"}],"curies":[{"name":"wp","href":"https:\/\/api.w.org\/{rel}","templated":true}]}}

Kis-Balaton Futóverseny

<p>Szeptember 13.-án vasárnap megrendezésre kerül még a <strong>Kis-Balaton RUN</strong>, amelynek megnyitója <strong>8:55-kor kezdődik a Karos Korzón, </strong>a Zalakarosi Futrinkák SE szervezésében.</p>
<p>A részletes programleírást és a versennyel kapcsolatos további információkat az alábbi linken érik el: <a class="moz-txt-link-freetext" href="https://futrinkak.hu/rendezvenyek/kisbalatonkor/program" target="_blank" rel="noopener">https://futrinkak.hu/rendezvenyek/kisbalatonkor/program</a></p>

<p>Szeptember 13.-án vasárnap megrendezésre kerül még a Kis-Balaton RUN, amelynek megnyitója 8:55-kor kezdődik a Karos Korzón, a Zalakarosi Futrinkák SE szervezésében. A részletes programleírást és a versennyel kapcsolatos további információkat az alábbi [&hellip;]</p>
